{"id":158,"date":"2025-06-23T17:56:33","date_gmt":"2025-06-23T17:56:33","guid":{"rendered":"https:\/\/sitesm.com.br\/Loja\/?post_type=product&#038;p=158"},"modified":"2025-06-23T17:56:34","modified_gmt":"2025-06-23T17:56:34","slug":"magped-enduro2-pedal","status":"publish","type":"product","link":"https:\/\/sitesm.com.br\/Loja\/produto\/magped-enduro2-pedal\/","title":{"rendered":"Magped ENDURO2 Pedal"},"content":{"rendered":"<p data-sourcepos=\"4:1-4:156\"><strong><span lang=\"PT-BR\"><span style=\"vertical-align: inherit;\"><span style=\"vertical-align: inherit;\">Pedal magado ENDURO2<\/span><\/span><\/span><\/strong><\/p>\n<p data-sourcepos=\"4:1-4:156\">Nosso pedal magn\u00e9tico de dupla face mais vendido, extremamente robusto, para\u00a0<strong>All Mountain, Enduro e Downhill<\/strong>\u00a0foi redesenhado e est\u00e1 melhor do que nunca.<\/p>\n<p data-sourcepos=\"6:1-6:211\">O\u00a0<strong>ENDURO2<\/strong>\u00a0\u00e9 usinado em\u00a0<strong>CNC a partir de um bloco de alum\u00ednio<\/strong>, sendo\u00a0<strong>23% mais leve, mais largo e mais forte<\/strong>\u00a0que o original. Ele tamb\u00e9m conta com\u00a0<strong>pinos SWITCH aprimorados e mais afiados de 9mm\/11mm<\/strong>.<\/p>\n<hr data-sourcepos=\"8:1-8:3\" \/>\n<h3 data-sourcepos=\"9:1-9:30\">Caracter\u00edsticas Principais<\/h3>\n<ul data-sourcepos=\"11:1-14:0\">\n<li data-sourcepos=\"11:1-11:49\">Usinado em CNC a partir de um bloco de alum\u00ednio<\/li>\n<li data-sourcepos=\"12:1-12:17\">Pinos vari\u00e1veis<\/li>\n<li data-sourcepos=\"13:1-14:0\">Eixo refor\u00e7ado para cargas ainda maiores<\/li>\n<\/ul>\n<hr data-sourcepos=\"15:1-15:3\" \/>\n<h3 data-sourcepos=\"16:1-16:28\">Peso por Par (sem pinos)<\/h3>\n<ul data-sourcepos=\"18:1-20:0\">\n<li data-sourcepos=\"18:1-18:23\"><strong><span style=\"vertical-align: inherit;\"><span style=\"vertical-align: inherit;\">ENDURO2 150:<\/span><\/span><\/strong><span style=\"vertical-align: inherit;\"><span style=\"vertical-align: inherit;\"> \u00a0447g<\/span><\/span><\/li>\n<li data-sourcepos=\"19:1-20:0\"><strong><span style=\"vertical-align: inherit;\"><span style=\"vertical-align: inherit;\">ENDURO2 200:<\/span><\/span><\/strong><span style=\"vertical-align: inherit;\"><span style=\"vertical-align: inherit;\"> \u00a0477g<\/span><\/span><\/li>\n<\/ul>\n<hr data-sourcepos=\"21:1-21:3\" \/>\n<h3 data-sourcepos=\"22:1-22:32\">Recomenda\u00e7\u00e3o de For\u00e7a do \u00cdm\u00e3<\/h3>\n<ul data-sourcepos=\"24:1-26:0\">\n<li data-sourcepos=\"24:1-24:39\"><strong>150N:<\/strong>\u00a0para ciclistas de at\u00e9 80 kg<\/li>\n<li data-sourcepos=\"25:1-26:0\"><strong>200N:<\/strong>\u00a0para ciclistas acima de 75 kg<\/li>\n<\/ul>\n<hr data-sourcepos=\"27:1-27:3\" \/>\n<h3 data-sourcepos=\"28:1-28:23\">O que Est\u00e1 Inclu\u00eddo<\/h3>\n<ul data-sourcepos=\"30:1-37:0\">\n<li data-sourcepos=\"30:1-30:51\">Um par de pedais\u00a0<strong>ENDURO2 (esquerdo + direito)<\/strong><\/li>\n<li data-sourcepos=\"31:1-31:6\">\u00cdm\u00e3s<\/li>\n<li data-sourcepos=\"32:1-32:37\">Placas de metal para sapatilhas SPD<\/li>\n<li data-sourcepos=\"33:1-33:40\">Parafusos magn\u00e9ticos em 2 comprimentos<\/li>\n<li data-sourcepos=\"34:1-34:13\">Chave Allen<\/li>\n<li data-sourcepos=\"35:1-35:17\">50 pinos de a\u00e7o<\/li>\n<li data-sourcepos=\"36:1-37:0\">Pinos podem ser montados em 2 comprimentos diferentes<\/li>\n<\/ul>\n<hr data-sourcepos=\"38:1-38:3\" \/>\n<h3 data-sourcepos=\"39:1-39:13\">Dimens\u00f5es<\/h3>\n<ul data-sourcepos=\"41:1-44:0\">\n<li data-sourcepos=\"41:1-41:24\"><strong>Comprimento:<\/strong>\u00a0108mm<\/li>\n<li data-sourcepos=\"42:1-42:20\"><strong>Largura:<\/strong>\u00a0100mm<\/li>\n<li data-sourcepos=\"43:1-44:0\"><strong>Altura:<\/strong>\u00a016mm<\/li>\n<\/ul>\n<hr data-sourcepos=\"45:1-45:3\" \/>\n<h3 data-sourcepos=\"46:1-46:30\">Recomenda\u00e7\u00e3o de Sapatilhas<\/h3>\n<p><span lang=\"PT-BR\">As\u00a0<strong>sapatilhas SPD com perfil fino a m\u00e9dio-grosso<\/strong>\u00a0s\u00e3o as mais adequadas.\u00a0 \u00a0<\/span><\/p>\n","protected":false},"excerpt":{"rendered":"<p>Nosso pedal magn\u00e9tico de dupla face mais vendido, extremamente robusto, para\u00a0<strong>All Mountain, Enduro e Downhill<\/strong>\u00a0foi redesenhado e est\u00e1 melhor do que nunca.<\/p>\n","protected":false},"featured_media":161,"comment_status":"open","ping_status":"closed","template":"","meta":{"pagelayer_contact_templates":[],"_pagelayer_content":""},"product_brand":[32],"product_cat":[26],"product_tag":[],"class_list":{"0":"post-158","1":"product","2":"type-product","3":"status-publish","4":"has-post-thumbnail","6":"product_brand-magped","7":"product_cat-mountain-bike","9":"first","10":"instock","11":"shipping-taxable","12":"purchasable","13":"product-type-variable"},"_links":{"self":[{"href":"https:\/\/sitesm.com.br\/Loja\/wp-json\/wp\/v2\/product\/158","targetHints":{"allow":["GET"]}}],"collection":[{"href":"https:\/\/sitesm.com.br\/Loja\/wp-json\/wp\/v2\/product"}],"about":[{"href":"https:\/\/sitesm.com.br\/Loja\/wp-json\/wp\/v2\/types\/product"}],"replies":[{"embeddable":true,"href":"https:\/\/sitesm.com.br\/Loja\/wp-json\/wp\/v2\/comments?post=158"}],"wp:featuredmedia":[{"embeddable":true,"href":"https:\/\/sitesm.com.br\/Loja\/wp-json\/wp\/v2\/media\/161"}],"wp:attachment":[{"href":"https:\/\/sitesm.com.br\/Loja\/wp-json\/wp\/v2\/media?parent=158"}],"wp:term":[{"taxonomy":"product_brand","embeddable":true,"href":"https:\/\/sitesm.com.br\/Loja\/wp-json\/wp\/v2\/product_brand?post=158"},{"taxonomy":"product_cat","embeddable":true,"href":"https:\/\/sitesm.com.br\/Loja\/wp-json\/wp\/v2\/product_cat?post=158"},{"taxonomy":"product_tag","embeddable":true,"href":"https:\/\/sitesm.com.br\/Loja\/wp-json\/wp\/v2\/product_tag?post=158"}],"curies":[{"name":"wp","href":"https:\/\/api.w.org\/{rel}","templated":true}]}}